 the greatest common factor of l and 29.
29
Suppose -158*h + 19*h + 2033 = -1303. Calculate the greatest common factor of h and 10344.
24
Let j(y) = -5*y**3 + 9*y**2 + 10*y - 2. Let p be j(4). Let h = p - -218. What is the highest common divisor of h and 64?
16
Let d(j) be the second derivative of -3*j**5/20 + j**4/12 + 3*j**3/2 + 5*j**2/2 - 80*j. Let f be d(-2). Calculate the greatest common factor of 435 and f.
15
Suppose -4579*t = -4550*t - 1392. Let f = 17 - -115. What is the greatest common factor of t and f?
12
Let z = -1621 + 672. Let q be (-22)/(-55) - (-6)/(-15)*z. Calculate the greatest common factor of 80 and q.
20
Suppose -23*j + 21*j = -4*g - 48, g + 3*j = -19. Let l(t) = -t**2 - 20*t - 10. Let x be l(g). Calculate the highest common divisor of 189 and x.
27
Suppose 3*s + 5*q - 3*q - 55 = 0, -s + 3*q = 0. Let g = -1942 + 2077. What is the greatest common divisor of g and s?
15
Suppose -13*a = -8*a + 4*u - 3432, 1356 = 2*a - 4*u. What is the greatest common divisor of 96 and a?
12
Let f(o) = 9*o + o + 58 + 2*o. Let m be f(8). Suppose -2*h = -h - 22. Calculate the greatest common divisor of m and h.
22
Let n be 2594/10 - 111/(-185). Suppose -66*p = -53*p - n. Calculate the greatest common divisor of p and 4.
4
Let f = 15049 + -14299. What is the greatest common divisor of f and 960?
30
Let j be 123 - (34 + -41 + 13). Let l be 26/(1/2*4). Calculate the greatest common factor of l and j.
13
Let i(h) be the third derivative of -h**6/120 - h**5/10 + 8*h**3/3 - 6*h**2 - 3. Let c be i(-10). What is the highest common divisor of c and 26?
26
Let w = -8721 - -8777. Calculate the greatest common factor of 20 and w.
4
Suppose 3*o = 9 + 3. Suppose -428 = -3*v - 7*w, -44*v = -49*v - 7*w + 676. Calculate the greatest common factor of v and o.
4
Let k = 303 + -289. Suppose -480 = 6*a - k*a. Let b = 248 + -158. Calculate the highest common divisor of b and a.
30
Suppose 15*w - 13949 = -3389. Calculate the highest common divisor of 132 and w.
44
Let o be ((24/15)/(4/(-78)))/((-2)/5). Calculate the highest common factor of o and 828.
6
Suppose -16*l + 14*l = -7*l + 100. What is the highest common factor of l and 29?
1
Let t = -178 - -82. Let v be 2 + t/52 - (-1745)/65. What is the greatest common divisor of v and 9?
9
Let g(u) = u**2 - 55*u - 5706. Let q be g(108). Let y = -149 + 248. What is the highest common factor of q and y?
9
Let s(x) = 4*x**2 - 10*x + 4. Let f be s(-3). What is the greatest common factor of f and 60?
10
Let r = -7446 - -37498. Calculate the highest common factor of r and 44.
44
Let q = 67 - 37. Suppose -3*g = 5*d - q - 7, 3*d = -4*g + 31. Suppose 0 = d*l - l - 176. Calculate the greatest common divisor of l and 11.
11
Suppose 27 = q - 3. Let c = 898 + -1508. Let s = c - -670. What is the greatest common factor of s and q?
30
Suppose 0 = 4*n + 5*l - 113, 0*n - 4*n = -3*l - 105. Suppose a + 1 + 2 = 0. Let x be (-1 - a) + -2 - -81. Calculate the greatest common factor of n and x.
27
Suppose 21*q = 9928 + 698. Calculate the highest common factor of 110 and q.
22
Let q(b) = 14 + 0*b - 18*b - b**2 + 27 - 29. Suppose -y = 4*y + 90. Let x be q(y). What is the greatest common factor of 3 and x?
3
Let j = -4786 - -6373. Calculate the highest common divisor of j and 69.
69
Let f = -262 - -268. Suppose -148 = -f*c + 2*c. Calculate the greatest common divisor of 629 and c.
37
Let s(m) = -2*m**2 - m - 1. Let o(f) = f**2 - 47*f - 73. Let i(v) = o(v) + s(v). Let h be i(-38). What is the highest common factor of h and 18?
18
Suppose -5*b + 11 = 1. Let w = 870 + -867. Suppose 5*u - w*n = 104, 0 = 3*u - 2*n + n - 64. Calculate the highest common divisor of b and u.
2
Suppose -2*w = -105*w + 9579. Calculate the highest common factor of w and 10137.
93
Let k be 3/(-6)*(-269 - 1). Let t be 27 - (1 + (1 + 3)*-1). What is the highest common divisor of k and t?
15
Let f = -144 + 140. Let m be (16/f)/24 - (-571)/6. Calculate the greatest common divisor of m and 19.
19
Let n be ((-1)/(-3))/((-2)/(147*2)). Let r = 41 + n. Let v(d) = d**2 + 6*d + 9. Let x be v(r). What is the greatest common factor of x and 10?
5
Let s be 2508/22 + (20 - 1). Let n = 96 + -58. Calculate the highest common divisor of n and s.
19
Let k(p) = -p**3 + 15*p**2 - 25*p + 2. Let l be k(13). Let h(v) = -3*v**3 + 46*v**2 - 12*v - 18. Let d be h(l). What is the greatest common divisor of 54 and d?
27
Let f(s) = -2*s**2 + 26*s + 4. Let d be f(13). Let x(p) = 13*p + 11. Let c be x(d). Suppose 3*r - c = -0*r. What is the greatest common factor of 3 and r?
3
Let o = 1171 - 1163. Calculate the greatest common divisor of o and 604.
4
Suppose -d + 225 = -3*c, -c + 4*d = 58 + 28. Let f = 77 + c. Let k be f*(-10)/(-15)*4. Calculate the highest common factor of 6 and k.
2
Suppose 5*p = -3*w + 1, p - 3 = 4*w + 11. Suppose -56*d + 54*d = p. Let k be d*(-5 + 1 + -5). What is the greatest common divisor of 18 and k?
9
Suppose 2*g + 5*y = 246, 3*y - 2*y = -3*g + 395. Let z(r) = 18*r**2 + 12*r - 39. Let a be z(3). Let q = a - 140. What is the greatest common factor of g and q?
19
Suppose -490*b = -276*b - 1507630. What is the highest common divisor of 5 and b?
5
Suppose -5*s - 789 = -v - v, 4*v - 2*s = 1554. Let a(f) = -f**3 - 24*f**2 + 73*f + 555. Let x be a(-26). What is the highest common factor of x and v?
9
Let t be 38/(-5)*(-5)/2. Let o = t - -11. Suppose 4*n - 16 = 0, -5*b - 5*n - 9 = -59. Calculate the highest common divisor of o and b.
6
Let v(o) = o + 147. Let j be v(0). Suppose 10*i = 14*i - 316. Suppose 4*q + t = i, -5*q + 7*t = 3*t - 125. Calculate the greatest common factor of j and q.
21
Let l = 7527 + -7513. What is the highest common factor of l and 4046?
14
Suppose -154*s + 2878 = -157 - 4511. Let y = 8 - 1. What is the greatest common divisor of y and s?
7
Let q be (-122)/(-793) - 2/((-52)/1686). Let x = q - 23. Let v = 8 + -2. What is the greatest common divisor of x and v?
6
Suppose 3*k + 2*t = 26, 3*k - 2*t = -6*t + 28. Suppose -2*s - k = -4*s. Let w(p) = p**2 + 3*p + 8. Let b be w(s). What is the highest common factor of b and 12?
12
Let u be 1/(-2)*8*315/(-21). Let o be 12 + -5 - 2/(-2). What is the highest common factor of u and o?
4
Let k(z) = -54*z - 798. Let x be k(-15). What is the highest common divisor of 1452 and x?
12
Let x be 2670/8 - 70/(-28)*(-1)/(-10). What is the greatest common factor of x and 2?
2
Let n = 35 + -53. Let c be (-4)/n - (-1186)/9. Let i = 3 - -9. Calculate the highest common divisor of i and c.
12
Suppose 9*f + 420 = 23*f. Let j be (3/(-9))/(2/(-60)). Let z be 6/4 - (-285)/j. Calculate the highest common divisor of f and z.
30
Let y = -3905 + 4050. Calculate the highest common factor of y and 6380.
145
Let a = 252 + -247. Suppose -3*o - m = -0*m - 1026, 0 = a*o - 5*m - 1730. Calculate the highest common divisor of 14 and o.
7
Let x be -3 + (-234)/(-30) - (-4)/20. Suppose x = 20*w - 675. Calculate the greatest common divisor of 8 and w.
2
Let o be 10/(-18) + 1133050/1530. What is the highest common factor of o and 180?
20
Let y be (-2238)/(-14) - ((-12 + 2)/5)/14. Calculate the greatest common factor of y and 25.
5
Suppose -741 = 4*i - 3*l - 3421, -3*i + 5*l = -2021. Calculate the greatest common factor of 115 and i.
23
Let r be (297/(-27))/((-21)/9 - -2). Let p = -6 - -9. What is the highest common divisor of p and r?
3
Let a(z) = 2*z**3 - 17*z**2 - 9*z + 4. Let v be a(9). Suppose -5*n - 3*w = -30 - 34, v*n - w = 41. What is the highest common divisor of n and 11?
11
Suppose 2*d = 182 + 1586. Let r = 3966 + -3914. Calculate the greatest common factor of d and r.
52
Let x be (-3 - -47)*2 + -3. Let j = x - 78. Calculate the greatest common factor of j and 14.
7
Let q = -486 - -682. Calculate the highest common divisor of 35 and q.
7
Let q = 212 - -3. Let c = q - 205. What is the highest common factor of c and 130?
10
Suppose k - 125 = -5*h + 62, 4*h - 161 = 3*k. What is the highest common divisor of h and 7372?
38
Let k = -61317 + 61320. Let s = 0 + 9. Suppose -2*n = 5 + 3, -p - 3*n = -s. Calculate the greatest common divisor of k and p.
3
Suppose 0 = 14*j - 5 + 4 - 13. Calculate the greatest common factor of 115 and j.
1
Suppose 226*d - 2207879 = 4535735. Calculate the highest common factor of 106 and d.
53
Let s be 170/((-4)/4) - -3. Let w = 